le of 3?
False
Is 10836 a multiple of 129?
True
Does 24 divide 81470?
False
Is 15 a factor of 50040?
True
Is 6 a factor of 100950?
True
Does 33 divide 297465?
False
Is 5 a factor of 1996415?
True
Does 988 divide 2592756?
False
Is 348 a factor of 505296?
True
Is 93503 a multiple of 2?
False
Is 16 a factor of 60448?
True
Is 127792 a multiple of 98?
True
Is 162231 a multiple of 51?
True
Is 11 a factor of 147918?
False
Is 6 a factor of 23889?
False
Is 17100 a multiple of 50?
True
Does 54 divide 16770?
False
Is 126050 a multiple of 10?
True
Is 27 a factor of 43389?
True
Is 14 a factor of 14798?
True
Is 18 a factor of 98250?
False
Is 3845589 a multiple of 1350?
False
Does 10 divide 2276760?
True
Is 26 a factor of 15210?
True
Does 517 divide 3747907?
False
Does 179 divide 660630?
False
Is 667717 a multiple of 3?
False
Does 111 divide 701076?
True
Is 155 a factor of 4125686?
False
Is 25 a factor of 114575?
True
Is 63 a factor of 15361920?
True
Is 5822573 a multiple of 7?
False
Is 37 a factor of 758648?
True
Does 396 divide 22525075?
False
Does 59 divide 102247?
True
Is 317 a factor of 44807?
False
Does 16 divide 1051029?
False
Is 2 a factor of 12597?
False
Is 2234568 a multiple of 56?
True
Is 302 a factor of 178482?
True
Does 18 divide 7691382?
True
Does 10 divide 489048?
False
Is 416792 a multiple of 244?
False
Does 21 divide 548226?
True
Is 232810 a multiple of 31?
True
Is 163 a factor of 121390?
False
Is 273 even?
False
Is 3619182 a multiple of 38?
False
Does 5 divide 221020?
True
Is 854 a factor of 1063290?
False
Is 245665 a multiple of 65?
False
Does 16 divide 528051?
False
Does 173 divide 1861826?
True
Does 11 divide 191499?
True
Does 83 divide 1415834?
False
Does 4 divide 493?
False
Does 13 divide 10512684?
True
Is 985324 a multiple of 626?
True
Is 45 a factor of 10805535?
True
Is 738556 a multiple of 7?
True
Is 156 a factor of 670884?
False
Is 4179211 a multiple of 181?
False
Does 1135 divide 3128060?
True
Does 305 divide 2677290?
True
Is 74 a factor of 204462?
True
Is 589777 even?
False
Is 71555 a multiple of 5?
True
Does 10 divide 3142530?
True
Is 3439170 a multiple of 1657?
False
Is 120144 a multiple of 48?
True
Does 238 divide 11186?
True
Is 1135392 a multiple of 32?
True
Does 19 divide 259312?
True
Is 294245 a multiple of 84?
False
Does 32 divide 938304?
True
Is 44 a factor of 301796?
True
Is 3 a factor of 663401?
False
Is 12 a factor of 2393628?
True
Is 18 a factor of 352350?
True
Is 887055 a multiple of 16?
False
Is 50 a factor of 357164?
False
Is 1528296 a multiple of 44?
True
Is 2311466 a multiple of 653?
False
Is 9532132 a multiple of 488?
False
Is 5360513 a multiple of 18?
False
Is 50053 a multiple of 44?
False
Does 260 divide 234260?
True
Does 7 divide 639678?
False
Is 164415 a multiple of 15?
True
Is 46 a factor of 502826?
True
Is 25 a factor of 1803350?
True
Is 234 a factor of 6334028?
False
Does 231 divide 11214687?
False
Is 143 a factor of 2002?
True
Is 71643 a multiple of 429?
True
Is 1930138 a multiple of 15?
False
Is 85833 a multiple of 51?
True
Is 119488 a multiple of 293?
False
Is 146300 a multiple of 95?
True
Is 3692 a multiple of 27?
False
Is 47 a factor of 116229?
False
Does 40 divide 7472040?
True
Is 171 a factor of 1256194?
False
Is 107 a factor of 960753?
True
Does 28 divide 30653?
False
Is 58224 a multiple of 3?
True
Is 492629 a multiple of 356?
False
Does 2 divide 1146430?
True
Does 10 divide 719940?
True
Does 418 divide 4431148?
False
Is 2776599 a multiple of 83?
True
Is 393476 a multiple of 214?
False
Is 108336 a multiple of 29?
False
Is 78 a factor of 11512098?
True
Is 359 a factor of 15076205?
True
Is 9 a factor of 30790?
False
Does 240 divide 4691241?
False
Is 20727 a multiple of 5?
False
Does 646 divide 1327173?
False
Does 53 divide 2129116?
True
Is 89 a factor of 134251?
False
Is 72 a factor of 403166?
False
Is 1608507 a multiple of 939?
True
Is 417 a factor of 2621581?
False
Does 5 divide 1648215?
True
Does 97 divide 3395?
True
Is 398 a factor of 419040?
False
Does 581 divide 5762358?
True
Is 6318255 a multiple of 15?
True
Is 275113 a multiple of 10?
False
Is 13 a factor of 3959951?
False
Is 140 a factor of 4678940?
True
Is 638352 a multiple of 13?
True
Is 1082497 a multiple of 28?
False
Is 51 a factor of 1680848?
False
Is 700000 a multiple of 70?
True
Does 83 divide 97803?
False
Is 193 a factor of 932190?
True
Is 245129 a multiple of 353?
False
Is 50501 a multiple of 7?
False
Is 2331204 a multiple of 66?
False
Is 20116200 a multiple of 130?
True
Is 21246750 a multiple of 19?
True
Is 13 a factor of 148889?
True
Is 11555522 a multiple of 149?
False
Is 79 a factor of 418369?
False
Is 251 a factor of 100523?
False
Is 64 a factor of 166528?
True
Is 3373656 a multiple of 858?
True
Does 69 divide 9637713?
True
Does 69 divide 6408444?
True
Is 17 a factor of 427227?
True
Is 3039723 a multiple of 213?
True
Is 38 a factor of 1016918?
True
Does 13 divide 6308699?
False
Is 37 a factor of 2644057?
True
Does 743 divide 1740106?
True
Is 17443653 a multiple of 25?
False
Is 238 a factor of 317757?
False
Does 12 divide 14397688?
False
Is 25 a factor of 3191225?
True
Is 125 a factor of 1320187?
False
Is 54 a factor of 31806?
True
Is 13 a factor of 1937169?
True
Is 93 a factor of 872734?
False
Is 20 a factor of 244420?
True
Does 372 divide 87420?
True
Is 2650805 a multiple of 36?
False
Is 2205281 a multiple of 169?
True
Does 68 divide 144024?
True
Is 106 a factor of 95923?
False
Does 164 divide 647472?
True
Is 6696700 a multiple of 20?
True
Is 43 a factor of 99502?
True
Does 78 divide 27127?
False
Does 22 divide 3079230?
True
Is 71772 a multiple of 119?
False
Is 182 a factor of 621712?
True
Does 41 divide 2920699?
False
Is 353 a factor of 635400?
True
Does 114 divide 5562835?
False
Is 148520 a multiple of 34?
False
Does 22 divide 475794?
True
Is 918455 a multiple of 802?
False
Is 40 a factor of 954441?
False
Is 318 a factor of 208608?
True
Is 27 a factor of 213327?
True
Does 13 divide 575068?
True
Is 40 a factor of 75160?
True
Does 179 divide 556266?
False
Is 59 a factor of 40631?
False
Is 482 a factor of 408197?
False
Does 3 divide 1468?
False
Does 20 divide 1233726?
False
Does 27 divide 3372219?
True
Is 10 a factor of 1684986?
False
Is 2 a factor of 125635?
False
Is 13 a factor of 3899117?
False
Is 361823 a multiple of 259?
True
Does 684 divide 3795516?
True
Is 102 a factor of 304103?
False
Is 178 a factor of 3416176?
True
Does 90 divide 935712?
False
Does 20 divide 89840?
True
Is 680 a factor of 7120936?
False
Is 3994875 a multiple of 375?
True
Does 36 divide 2036758?
False
Does 144 divide 2984640?
False
Does 54 divide 52326?
True
Is 3207500 a multiple of 6?
False
Does 23 divide 47331?
False
Is 198633 a multiple of 8?
False
Does 108 divide 2252206?
False
Is 112605 a multiple of 3?
True
Is 193620 a multiple of 198?
False
Does 11 divide 3752056?
True
Is 4 a factor of 52684?
True
Is 12 a factor of 901956?
True
Is 48 a factor of 5714928?
True
Is 21 a factor of 600060?
False
Is 15 a factor of 3898416?
False
Is 27 a factor of 509274?
True
Is 4693845 a multiple of 169?
False
Is 20 a factor of 27740?
True
Is 74280 a multiple of 83?
False
Is 285195 a multiple of 58?
False
Does 62 divide 1017792?
True
Does 12 divide 81219?
False
Is 2566634 a multiple of 55?
False
Is 717340 a multiple of 65?
True
Is 662 a factor of 5737554?
True
Is 3 a factor of 9100878?
True
Does 98 divide 45400?
False
Is 43 a factor of 4343?
True
Is 676 a factor of 14459066?
False
Does 65 divide 1130893?
False
Does 480 divide 5110709?
False
Is 1162831 a multiple of 58?
False
Is 219572 a multiple of 898?
False
Is 39 a factor of 113850?
False
Does 20 divide 3029352?
False
Is 1281 a factor of 5162430?
True
Is 14 a factor of 220948?
True
Is 5 a factor of 155828?
False
Is 73 a factor of 54896?
True
Is 405540 a multiple of 45?
True
Is 7 a factor of 149528?
False
Does 162 divide 8681742?
True
Is 2 a factor of 222636?
True
Is 59 a factor of 181602?
True
Is 21 a factor of 392238?
True
Is 44 a factor of 43868?
True
Is 53 a factor of 20140?
True
Does 246 divide 2196645?
False
Is 165397 a multiple of 290?
False
Does 609 divide 18390582?
True
Is 1288504 a multiple of 346?
True
Is 85 a factor of 787780?
True
Is 33 a factor of 14489310?
True
Is 368 a factor of 1723603?
False
